- 134. Calculate the remainder when 608 is divided by r.
20
Suppose 0 = 2*b - 722 + 110. Suppose -26 + b = 5*z. Calculate the remainder when z is divided by 19.
18
Let w = -43 - -43. Suppose w = 2*q + 135 - 399. Calculate the remainder when q is divided by 27.
24
Suppose 0 = -a + 4*u + 28, 3*a + 4*u - 105 = 9*u. Calculate the remainder when a is divided by (5 - 3)/((-4)/(-30)).
10
Let t(k) = k**3 + 5*k**2 - 7*k. Let j be t(-6). Suppose -j*v = -11*v + 455. Calculate the remainder when v is divided by 23.
22
Suppose 0 = -4*k + 2*k - 20. Calculate the remainder when 86 is divided by (((-12)/(-5))/1)/(k/(-125)).
26
Let x = -39 - -66. Let m = 112 - 108. What is the remainder when x is divided by m?
3
Let r = 267 - 218. What is the remainder when r is divided by 15?
4
Suppose 14*s - 168 = 126. What is the remainder when 116 is divided by s?
11
Let v be 47 - -4*(-3)/(-6). Let m = -37 + v. What is the remainder when m is divided by 1 - (2 + 1)*-1?
0
Let n(s) = 3*s**2 + 7. Let t be n(5). Let z = t + -59. Calculate the remainder when 67 is divided by z.
21
Let x(w) be the second derivative of w**3/2 - 3*w**2/2 + 2*w. Suppose 0 = v + 3*z - 13, 28 - 3 = v - 9*z. What is the remainder when v is divided by x(4)?
7
Let o(c) = -c**3 + 8*c**2 + 13*c - 21. Suppose -33 - 30 = -7*t. What is the remainder when o(t) is divided by 8?
7
Suppose 3*w = -4*f + 23, 30 = 3*w - 6*f + 3*f. Calculate the remainder when 35 is divided by w.
8
Suppose 2*o - o - 10 = 0. Calculate the remainder when (52/(-8))/(13/(-78)) is divided by o.
9
Suppose i - 4*i - 185 = -4*s, 5*s - 5*i = 235. Calculate the remainder when s is divided by 5.
4
Suppose 3*b + 98 = 2*i, -5*b - 25 = -4*i + 169. What is the remainder when 163 is divided by i?
25
Let k(t) = -15*t + 4. Let s(u) = -14*u + 3. Let v(i) = 4*k(i) - 5*s(i). What is the remainder when v(9) is divided by 23?
22
Suppose -5*k + 18 = -j - 87, 3*k - 41 = 5*j. Suppose 2*p + 436 = 4*d, 0*d - 317 = -3*d - p. What is the remainder when d is divided by k?
19
Let y = 32 - 17. Let o(m) = -m**3 + 10*m**2 - 2*m + 24. Let q be o(10). Suppose -q*z = 8, -5*z = w - 2*z - 53. What is the remainder when w is divided by y?
14
Suppose 35*n - 33*n = -4*t + 80, n - 3*t - 50 = 0. Suppose -3*d = -203 - 322. Calculate the remainder when d is divided by n.
43
What is the remainder when 13220/260 + 4/26 is divided by 8?
3
Let s be 10/6 + 4 - (-4)/(-6). Suppose r = -s*x - 23, 2*x + 3 = -3*r - 1. What is the remainder when 4 is divided by r?
0
What is the remainder when 110/(-33)*12/(-8) + 696 is divided by 18?
17
Let j(m) = 4*m + 34. Suppose 0 = o + 3*z - 22, 2*o - 2*z - 2 - 2 = 0. Calculate the remainder when j(o) is divided by 13.
10
Suppose -73 + 3 = -5*t. Let f = 7 + 11. Suppose 5*b = 5*m + 220, 2*b - 5*m - 118 + f = 0. Calculate the remainder when b is divided by t.
12
Let u(c) = -4*c + 6. Let r be u(-5). Calculate the remainder when (-1)/(-1 - r/(-27)) is divided by 15.
12
Let j(l) = -l**3 + 10*l**2 - 24*l + 3. Let u(z) = -3*z - 6. What is the remainder when u(-4) is divided by j(4)?
0
Let x(f) = -f**2 + 5*f + 2. Let j = -88 - -92. What is the remainder when 33 is divided by x(j)?
3
Suppose -5*q + 23 + 17 = 5*n, 5*q = 4*n - 77. What is the remainder when 69*(-4)/(-6) + 1 is divided by n?
8
Let f(r) = -r**2 + 3*r + 22. Let v be f(6). Suppose -2*c + 4*s - 28 = -88, v*s - 168 = -4*c. Let t = 20 - 6. What is the remainder when c is divided by t?
10
Let n be 61894/(-77) - 2/11. What is the remainder when 4/(-14) + n/(-21) is divided by (-238)/(-18) - (-6)/(-27)?
12
Suppose 5*h - j = 335, -40 = h + 4*j - 107. Let x = -20 + h. Calculate the remainder when x is divided by 12.
11
Let t = -809 + 882. What is the remainder when 437 is divided by t?
72
Let v(m) = m**2 + 33. What is the remainder when 73 is divided by v(-3)?
31
Let h = -50 + 52. Let o(y) = y**2 + 6*y - 12. What is the remainder when 26 is divided by o(h)?
2
What is the remainder when (70/(-2))/((-4)/32) is divided by 47?
45
Suppose 2*g = -2*c + 21 + 5, 4*g = -3*c + 39. Let n(m) = 7*m**2 - 10*m**3 + 3*m + 11*m**3 + 3*m + 1. Calculate the remainder when n(-4) is divided by c.
12
Suppose -3*b = -f + 16 + 7, 2 = -b. Calculate the remainder when 130 is divided by f.
11
Let o be 1/6 - (-67)/(-6). Let i(f) = -3*f - 9. Let t(p) = 1. Let j(u) = i(u) - 6*t(u). What is the remainder when j(o) is divided by 10?
8
Let h(y) = -23*y**2 + y + 6. Let j be h(-3). Let l = -128 - j. Suppose 7*v = 11*v - l. Calculate the remainder when 55 is divided by v.
17
Suppose 3*q = 5*a - 66, 0 = 3*a - 4*q - 15 - 18. What is the remainder when 4*1*14/4 is divided by (-1)/(a/(-12) - 2/(-2))?
2
Let q = 1380 + -1366. Let s(d) = -6*d - 6. Calculate the remainder when s(-7) is divided by q.
8
Suppose -8 = -9*r + 7*r, -5*t - 5*r + 1960 = 0. Calculate the remainder when t is divided by 100.
88
Let z = -285 - -101. Let d = z + 285. Calculate the remainder when d is divided by 17.
16
Let c = -10 + -78. Let n(w) = -w**2 - 12*w + 1. Let v be n(8). Let i = c - v. What is the remainder when i is divided by 18?
17
Let y = 10 - 20. Let r be (-18)/y + (-2)/(-10). Suppose -56 = -2*i + 3*s, 30 = -0*i + i - r*s. What is the remainder when i is divided by 5?
2
Suppose -38 = -16*r + 106. What is the remainder when 2/(-6) + (-194)/(-6) is divided by r?
5
Let s = 42 + -40. Suppose -s*h - t - t = -76, t = h - 30. What is the remainder when h is divided by 18?
16
Let p = 84 + -9. Suppose -g + p = 5*m, 5*m + 5*g + 7 = 62. What is the remainder when m is divided by 6?
4
Let c = -9 - -182. Suppose 281 = 4*o - n, 5*o - 173 = -4*n + c. Calculate the remainder when o is divided by 24.
22
Suppose -v + 97 + 87 = -m, m = -5. What is the remainder when v is divided by 46?
41
Let b(m) = 10*m**3 + 2*m**2 + 23*m - 72. Calculate the remainder when b(4) is divided by 12.
8
Calculate the remainder when 133 is divided by 23/((-368)/(-48)) + (-53)/(-1).
21
Let a(y) = -2*y + 4*y - 44 + 44. Let d = 41 - -22. Calculate the remainder when d is divided by a(8).
15
Let x(u) = 3*u**2 + u - 2. Suppose -2*q - 2 = -0, -4*q + 206 = 5*l. Calculate the remainder when l is divided by x(-3).
20
Let x(k) be the first derivative of -79*k**2/2 + 11*k + 7. Let r be x(-5). What is the remainder when r/16 - (-21)/(-56) is divided by 14?
11
Let f = 388 + -377. What is the remainder when 40 is divided by f?
7
Suppose 16*f - 30*f = -2730. What is the remainder when 390 is divided by f?
0
Let g = -291 + 202. Let p = g - -214. Calculate the remainder when p is divided by 32.
29
Let r(z) = -z**2 + 17*z + 37. What is the remainder when r(18) is divided by 144/30 - (-2)/10?
4
Suppose 4*g - q = 77, 3*g - q - 69 + 12 = 0. Suppose -3*o + g = o. Suppose 87 = o*p - 3*a, 4*p + 4*a + 0*a = 44. What is the remainder when 28 is divided by p?
13
Let z(m) be the first derivative of m**4/4 + 10*m**3/3 + 3*m**2 - 4*m - 26. What is the remainder when z(-7) is divided by 34?
33
Suppose -2*n + 13 = 5*v, 3*n - 21 = -n - 5*v. Let c = 9137 - 9120. What is the remainder when c is divided by n?
1
Suppose 2*k + 4 + 2 = -r, r + 6 = 5*k. Calculate the remainder when r*37/4*6/(-9) is divided by 20.
17
Let w = 14 - 6. Let y(z) = -2*z**3 + 28*z**2 - 27*z + 25. Let n be y(13). Suppose n*q - 11*q - 37 = 0. What is the remainder when q is divided by w?
5
What is the remainder when 12/(6 + -2) + 39 is divided by 12?
6
Suppose 0 = 9*c - 4*c - 15. Suppose 34 = c*f - 8. What is the remainder when 54 is divided by f?
12
Suppose 4*q - 12 = -4. Let y(u) = 1 + u**q - 2 + 2 - 6*u + 1. Calculate the remainder when y(9) is divided by 8.
5
Suppose 0 = 3*o + 2*x - 20, 3*x = -7*o + 3*o + 26. Suppose -13*a - 36 = -16*a. Calculate the remainder when a is divided by o.
4
Suppose -h + 2*u + 34 = 0, 5*u + 4 + 1 = 0. What is the remainder when h is divided by 12?
8
Let q(v) = v**3 + 5*v**2 + 2. Let a be q(-5). Let h(u) = -14*u + 231. What is the remainder when h(13) is divided by (1/2)/(a/68)?
15
Let f(u) = u**3 - 9*u**2 + 8*u + 1. Let v be f(8). Calculate the remainder when 22 is divided by (-2 + v)*-1 + 7.
6
Let q(w) = 2*w**3 + 7*w + 11. What is the remainder when q(5) is divided by 33?
32
Suppose 0 = 3*h + 2*h - 40. Suppose g + 2*j + h = -3*g, g + 2 = 4*j. Let s = 7 + g. What is the remainder when 17 is divided by s?
2
Let u(b) = b**3 - 3*b**2 - 11*